{"id":717,"date":"2023-11-26T10:40:22","date_gmt":"2023-11-26T10:40:22","guid":{"rendered":"https:\/\/hello-love.ch\/?post_type=product&#038;p=717"},"modified":"2024-01-01T11:05:58","modified_gmt":"2024-01-01T11:05:58","slug":"necessaire-japonais","status":"publish","type":"product","link":"https:\/\/hello-love.ch\/index.php\/product\/necessaire-japonais\/","title":{"rendered":"Necessaire japonais"},"content":{"rendered":"<p>Necessaire aus Baumwolle, gef\u00fcttert und mit Reissverschluss (20 cm).\u00a0 Schlaufen seitlich zum Greifen oder Aufh\u00e4ngen.<\/p>\n<p>Handgedrucktes, handbesticktes Label auf der Vorderseite.<\/p>\n<p>Farben aussen: beige mit rosa, zitronengelb, dunkelblau, t\u00fcrkis, weiss.<\/p>\n<p>Da der Stoff ein grossfl\u00e4chiges Print-Muster hat, ist jedes Necessaire etwas anders.<\/p>\n<p>Farben innen: lindengr\u00fcn oder eisblau.<\/p>\n<p>Reissverschluss: diverse Farben.<\/p>\n<p>Farbw\u00fcnsche von Reissverschluss, Aussenseite und Futter beim Bestellvorgang als Bemerkung hinzuf\u00fcgen.<\/p>\n<p>Gr\u00f6sse ca. 21 x 15 cm<\/p>\n","protected":false},"excerpt":{"rendered":"<p>Necessaire aus Baumwolle, gef\u00fcttert und mit Reissverschluss (20 cm).\u00a0 Schlaufen seitlich zum Greifen oder Aufh\u00e4ngen. Handgedrucktes, handbesticktes Label auf der Vorderseite. Farben aussen: beige mit rosa, zitronengelb, dunkelblau, t\u00fcrkis, weiss. Da der Stoff ein grossfl\u00e4chiges Print-Muster hat, ist jedes Necessaire etwas anders. Farben innen: lindengr\u00fcn oder eisblau. Reissverschluss: diverse Farben. Farbw\u00fcnsche von Reissverschluss, Aussenseite und [&hellip;]<\/p>\n","protected":false},"featured_media":601,"template":"","meta":[],"product_brand":[],"product_cat":[22],"product_tag":[],"class_list":{"0":"post-717","1":"product","2":"type-product","3":"status-publish","4":"has-post-thumbnail","6":"product_cat-necessaires","8":"first","9":"instock","10":"taxable","11":"shipping-taxable","12":"purchasable","13":"product-type-simple"},"_links":{"self":[{"href":"https:\/\/hello-love.ch\/index.php\/wp-json\/wp\/v2\/product\/717","targetHints":{"allow":["GET"]}}],"collection":[{"href":"https:\/\/hello-love.ch\/index.php\/wp-json\/wp\/v2\/product"}],"about":[{"href":"https:\/\/hello-love.ch\/index.php\/wp-json\/wp\/v2\/types\/product"}],"wp:featuredmedia":[{"embeddable":true,"href":"https:\/\/hello-love.ch\/index.php\/wp-json\/wp\/v2\/media\/601"}],"wp:attachment":[{"href":"https:\/\/hello-love.ch\/index.php\/wp-json\/wp\/v2\/media?parent=717"}],"wp:term":[{"taxonomy":"product_brand","embeddable":true,"href":"https:\/\/hello-love.ch\/index.php\/wp-json\/wp\/v2\/product_brand?post=717"},{"taxonomy":"product_cat","embeddable":true,"href":"https:\/\/hello-love.ch\/index.php\/wp-json\/wp\/v2\/product_cat?post=717"},{"taxonomy":"product_tag","embeddable":true,"href":"https:\/\/hello-love.ch\/index.php\/wp-json\/wp\/v2\/product_tag?post=717"}],"curies":[{"name":"wp","href":"https:\/\/api.w.org\/{rel}","templated":true}]}}