{"id":3,"date":"2020-11-22T12:16:57","date_gmt":"2020-11-22T12:16:57","guid":{"rendered":"https:\/\/hello-love.ch\/?page_id=3"},"modified":"2024-01-01T11:22:59","modified_gmt":"2024-01-01T11:22:59","slug":"privacy-policy","status":"publish","type":"page","link":"https:\/\/hello-love.ch\/index.php\/privacy-policy\/","title":{"rendered":"Impressum"},"content":{"rendered":"\n<p>hello LOVE jewellery &amp; accessoires<\/p>\n\n\n\n<p>Habsburgstrasse 1, 8037 Z\u00fcrich, Schweiz<\/p>\n\n\n\n<p>instagram: hellolovezurich<\/p>\n\n\n\n<p>hello@hello-love.ch<\/p>\n\n\n\n<p>https:\/\/hello-love.ch.<\/p>\n\n\n\n<p><\/p>\n\n\n\n<p><\/p>\n\n\n\n<p><\/p>\n\n\n\n<p>Datenschutzerkl\u00e4rung<\/p>\n\n\n\n<p>Bereitstellung der Website (Logfiles)<br>Beschreibung und Umfang der Datenbearbeitung<\/p>\n\n\n\n<p><br>Wenn Sie auf unsere Website zugreifen, d.h., selbst wenn Sie sich nicht registrieren oder anderweitig Informationen \u00fcbermitteln, werden automatisch Informationen allgemeiner Natur erfasst. Diese Informationen (Server-Logfiles) beinhalten etwa die Art des Webbrowsers, das verwendete Betriebssystem, den Domainnamen Ihres Internet-Service-Providers, Ihre IP-Adresse, Referrer-URL, Datum und Uhrzeit des Zugriffs und \u00e4hnliches.<br>Sie werden insbesondere zu folgenden Zwecken bearbeitet:<br>Sicherstellung eines problemlosen Verbindungsaufbaus der Website,&#8211;<br>Sicherstellung einer reibungslosen Nutzung unserer Website, sowie<br>Sicherstellung und Auswertung der Systemsicherheit und -stabilit\u00e4t, insbesondere zur Missbrauchserkennung sowie<br>zur technisch fehlerfreien Darstellung und Optimierung unserer Website.<br><\/p>\n\n\n\n<p>Die Daten werden ebenfalls in den Logfiles unseres Systems gespeichert. Eine Speicherung dieser Daten zusammen mit anderen Personendaten des Nutzers findet nicht statt. Wir verwenden Ihre Daten nicht, um R\u00fcckschl\u00fcsse auf Ihre Person zu ziehen. Allerdings behalten wir uns vor, die Server-Logfiles nachtr\u00e4glich zu \u00fcberpr\u00fcfen, sollten konkrete Anhaltspunkte auf eine rechtswidrige Nutzung hinweisen.<\/p>\n\n\n\n<p><br>Empf\u00e4nger der Daten<br>Wir setzen f\u00fcr Betrieb und Wartung unserer Webseite Dienstleister ein, die als unsere Auftragsbearbeiter t\u00e4tig werden. S\u00e4mtliche Dienstleister sind vertraglich dazu verpflichtet, Ihre Daten vertraulich zu behandeln.<\/p>\n\n\n\n<p><br>Registrierung<\/p>\n\n\n\n<p><br>Beschreibung und Umfang der Datenbearbeitung<br>Auf unserer Website bieten wir Ihnen die M\u00f6glichkeit, sich unter Angabe Ihrer Personendaten zu registrieren. Die Daten werden dabei in eine Eingabemaske eingegeben und an uns \u00fcbermittelt und gespeichert. Eine Weitergabe der Daten an Dritte findet nicht statt. Folgende Daten werden im Rahmen des Registrierungsprozesses erhoben:<br>Vorname, Nachname<br>E-Mailadresse<br>Passwort<br>Zum Zeitpunkt der Registrierung werden zudem folgende Daten gespeichert:<br>IP-Adresse<br>Datum und Uhrzeit der Registrierung<\/p>\n\n\n\n<p><br>Im Rahmen des Registrierungsprozesses wird Ihre Einwilligung zur Verarbeitung dieser Daten eingeholt.<br>Ihre Registrierung ist f\u00fcr das Bereithalten bestimmter Inhalte und Leistungen auf unserer Website erforderlich.<br>Ihre Registrierung ist zur Erf\u00fcllung eines Vertrages mit Ihnen oder zur Durchf\u00fchrung vorvertraglicher Massnahmen erforderlich.<\/p>\n\n\n\n<p><br>Empf\u00e4nger der Daten<br>Wir setzen f\u00fcr den Registrierungsprozess technische Dienstleister ein, die als unsere Auftragsbearbeiter t\u00e4tig werden. S\u00e4mtliche Dienstleister sind vertraglich dazu verpflichtet, Ihre Daten vertraulich zu behandeln.<\/p>\n\n\n\n<p>Verwendung von Cookies<br>Beschreibung und Umfang der Datenbearbeitung<br>Ein Cookie ist ein kleiner Datensatz, der beim Besuch einer Website erstellt und auf dem System des Nutzers zwischengespeichert wird. Wird der Server dieser Website erneut von diesem System aufgerufen, sendet der Browser das zuvor empfangene Cookie wieder zur\u00fcck an den Server. Der Server kann die durch dieses Verfahren erhaltenen Informationen auswerten. Durch Cookies kann insbesondere das Navigieren auf einer Website erleichtert werden.<br>Cookies helfen dabei, eine Webseite nutzbar zu machen, indem sie Grundfunktionen wie Seitennavigation und Zugriff auf sichere Bereiche der Webseite erm\u00f6glichen.<\/p>\n\n\n\n<p><br>Verwendung technisch notwendiger Cookies<br>Einige Funktionen unserer Internetseite k\u00f6nnen ohne den Einsatz von Cookies nicht angeboten werden. F\u00fcr diese ist es erforderlich, dass der Browser auch nach einem Seitenwechsel wiedererkannt wird.<br>Wir setzen Cookies zu folgenden Zwecken ein:<br>In den Cookies werden dabei folgende Daten gespeichert und \u00fcbermittelt:<br>Einwilligungsmanagement<br>Spracheinstellungen<br>Artikel in einem Warenkorb<br>Log-In-Informationen<br>Registrierung<br>Empf\u00e4nger der Daten<\/p>\n\n\n\n<p><br>Wir setzen f\u00fcr Betrieb und Wartung unserer Webseite technische Dienstleister ein, die als unsere Auftragsbearbeiter t\u00e4tig werden.<br><\/p>\n\n\n\n<p>Weitere Empf\u00e4nger und Einzelheiten \u00fcber die technische Funktionsweise der eingesetzten Tools und Informationen, wie Sie die Daten\u00fcbermittlung (Tracking) verhindern k\u00f6nnen, finden Sie in der unten aufgef\u00fchrten Tabelle.<br>S\u00e4mtliche Dienstleister sind vertraglich dazu verpflichtet, Ihre Daten vertraulich zu behandeln.<\/p>\n\n\n\n<p><br>Reichweitenmessung<\/p>\n\n\n\n<p><br>Beschreibung und Umfang der Datenbearbeitung<br>Mithilfe von Analysewerkzeugen werten wir das Nutzerverhalten aus. Eine genauere Beschreibung zu den Tools finden Sie im Kapitel \u201eAnalysewerkzeuge\u201c dieser Datenschutzerkl\u00e4rung.<br>Die Verarbeitung erfolgt auf Basis unseres berechtigten Interesses. Die Messung der Reichweite und die sich daraus ergebenden Informationen sind geeignet, um das Webangebot anzupassen.<\/p>\n\n\n\n<p><br>Empf\u00e4nger der Daten<br>Wir setzen f\u00fcr Betrieb und Wartung unserer Webseite technische Dienstleister ein, die als unsere Auftragsbearbeiter t\u00e4tig werden. S\u00e4mtliche Dienstleister sind vertraglich dazu verpflichtet, Ihre Daten vertraulich zu behandeln.<br><\/p>\n\n\n\n<p>Rechte der betroffenen Person<\/p>\n\n\n\n<p><br>Sie haben die folgenden Rechte in Bezug auf Personendaten, die Sie betreffen:<br>das Recht, Auskunft dar\u00fcber zu erhalten, welche Personendaten wir von Ihnen speichern und wie wir diese bearbeiten;<br>das Recht auf Herausgabe einer Kopie Ihrer Personendaten in einem g\u00e4ngigen Format;<br>das Recht auf Berichtigung Ihrer Personendaten;<br>das Recht auf L\u00f6schung Ihrer Personendaten;<br>das Recht, Bearbeitungen Ihrer Personendaten zu widersprechen.<\/p>\n\n\n\n<p><br>Beachten Sie bitte, dass f\u00fcr diese Rechte Ausnahmen gelten. Soweit rechtlich zul\u00e4ssig, k\u00f6nnen wir Ihre Anfrage zur Aus\u00fcbung dieser Rechte ablehnen.<br>Eine erteilte Einwilligung in die Verarbeitung personenbezogener Daten k\u00f6nnen Sie jederzeit uns gegen\u00fcber widerrufen. Bitte beachten Sie, dass der Widerruf erst f\u00fcr die Zukunft wirkt. Bearbeitungen, die vor dem Widerruf erfolgt sind, sind davon nicht betroffen.<\/p>\n\n\n\n<p><br>F\u00fcr eine Auskunft \u00fcber die von uns bearbeiteten Personendaten, senden Sie Ihr Auskunftsbegehren bitte an hello@hello-love.ch.<br>Sie haben ausserdem das Recht, beim Eidgen\u00f6ssischen Datenschutz- und \u00d6ffentlichkeitsbeauftragten (ED\u00d6B) eine Beschwerde einzureichen.<\/p>\n\n\n\n<p>Diese Datenschutzerkl\u00e4rung wurde mit Hilfe von www.activemind.ch erstellt \u2013 den Experten f\u00fcr Datenschutz und Informationssicherheit.<\/p>\n\n\n\n<p>Allgemeine Gesch\u00e4ftsbedingungen<\/p>\n\n\n\n<ol class=\"wp-block-list\">\n<li>Anwendungs- und Geltungsbereich<\/li>\n<\/ol>\n\n\n\n<p>Die vorliegenden Allgemeinen Gesch\u00e4ftsbedingungen (\u201eAGB\u201c) regeln das Verh\u00e4ltnis zwischen hello LOVE jewellery &amp; accessoires (Z\u00fcrich) und ihren Kunden des Online-Shops auf hello-love.ch (\u201eOnline-Shop\u201c). Sie sind zwingender Bestandteil jedes zwischen hello LOVE und dem Kunden abgeschlossenen Vertrages.<\/p>\n\n\n\n<p>Von den vorliegenden AGB abweichende Regelungen gelten nicht, es sei denn, hello LOVE h\u00e4tte diesen ausdr\u00fccklich und schriftlich zugestimmt.<\/p>\n\n\n\n<p>Alle \u00c4nderungen, Erg\u00e4nzungen, Zusatz- oder Nebenabreden bed\u00fcrfen zu ihrer G\u00fcltigkeit der ausdr\u00fccklichen Best\u00e4tigung durch hello LOVE per E-Mail.<\/p>\n\n\n\n<p>Die deutsche Sprache ist Verhandlungs- und Vertragssprache.<\/p>\n\n\n\n<ol class=\"wp-block-list\" start=\"2\">\n<li>Konto f\u00fcr Online-Shop erstellen<\/li>\n<\/ol>\n\n\n\n<p>Die Nutzung des Online-Shops setzt Deine Registrierung auf der Website durch Anlegen eines Kundenkontos oder Anmeldung als Gast voraus. F\u00fcr die Registrierung musst Du mindestens 18 Jahre alt sein.<\/p>\n\n\n\n<p>Die Registrierung erfordert die Angabe s\u00e4mtlicher in der Eingabemaske des Registrierungsformulars aufgef\u00fchrten Pflichtfelder. Nach Ausf\u00fcllen des Registrierungsformulars hast Du die AGB zur Kenntnis zu nehmen und die Kenntnisnahme und Zustimmung zu deren Geltung als integrierenden Bestandteil des Vertrags mit hello LOVE durch Anklicken des jeweiligen K\u00e4stchens zu best\u00e4tigen.<\/p>\n\n\n\n<p>Mit dem Abschluss der Registrierung versicherst Du, dass s\u00e4mtliche im Rahmen der Registrierung eingegebenen Daten der Wahrheit entsprechen.<\/p>\n\n\n\n<p>Im Rahmen der Registrierung w\u00e4hlst Du ein Passwort aus, um Dich unter Angabe desselben sowie Deiner E-Mail-Adresse (\u201eZugangsdaten\u201c) einzuloggen. Du bist verpflichtet, Deine Zugangsdaten zum Online-Shop vertraulich zu behandeln und keinesfalls Dritten zu \u00fcberlassen. hello LOVE weist darauf hin, dass der Missbrauch von Daten strafrechtlich relevant sein kann. Anspr\u00fcche gegen hello LOVE aus Nutzung des Benutzerkontos durch Dritte sind ausgeschlossen.<\/p>\n\n\n\n<ol class=\"wp-block-list\" start=\"3\">\n<li>Zustandekommen des Vertrags<\/li>\n<\/ol>\n\n\n\n<p>Die Darstellung der Produkte im Online-Shop stellt kein rechtlich bindendes Angebot dar, sondern eine Aufforderung an den Kunden, ein verbindliches Angebot zum Kaufvertragsabschluss abzugeben. Die von Sista Jewelry publizierten Preise und s\u00e4mtliche Angaben zu den Waren, die Du im Rahmen des Bestellvorganges erh\u00e4ltst, sind unverbindlich. Insbesondere sind Irrtum bei Beschreibung, Abbildung und Preisangabe vorbehalten. hello LOVE beh\u00e4lt sich das Recht vor, Preise, Angebote und Artikel zu \u00e4ndern.<\/p>\n\n\n\n<p>Deine Bestellung stellt ein verbindliches Angebot gerichtet auf den Abschluss eines Kaufvertrags \u00fcber das bestellte Produkt dar. Im Online-Shop kannst Du Produkte ausw\u00e4hlen und in einem virtuellen sogenannten \u201eWarenkorb\u201c sammeln. Ein allf\u00e4lliger Gutscheincode kann im Warenkorb eingegeben werden. Durch einen Klick auf die Schaltfl\u00e4che \u201eBestellprozess beginnen\u201c im Warenkorb gelangst Du zur Eingabe der Zahlungsseite, auf welcher die Zahlungsart zu w\u00e4hlen ist. Nach Auswahl der Zahlungsart und gegebenenfalls Vornahme der Zahlung (Kreditkarte oder TWINT), gelangst Du zur Bestell\u00fcbersicht, auf der die get\u00e4tigten Eingaben nochmals gepr\u00fcft werden k\u00f6nnen. Mit Bet\u00e4tigung der Schaltfl\u00e4che \u201ekostenpflichtig bestellen\u201c gibst Du ein verbindliches Angebot zum Kauf der im Warenkorb befindlichen Produkte ab. Du kannst ein verbindliches Kaufangebot durch Bet\u00e4tigung der Schaltfl\u00e4che \u201ekostenpflichtig bestellen\u201c nur abgeben, wenn Du die anwendbaren AGB durch Setzen eines Hakens in einem hierf\u00fcr vorgesehenen Feld akzeptiert hast. Vor Absenden der Bestellung kannst Du die Daten jederzeit \u00e4ndern und einsehen. Nach Absenden der Bestellung kannst Du keine Bestellungs\u00e4nderungen vornehmen. Vor Absenden der Bestellung, l\u00e4sst sich der Bestellvorgang jederzeit durch Schliessen des Browser-Fensters abbrechen.<\/p>\n\n\n\n<p>Der Abschluss des Kaufvertrages kommt zustande, indem hello LOVE dir die Bestellung mit einer Auftragsbest\u00e4tigung (per E-Mail) best\u00e4tigt und die Lieferung an Dich versendet.<\/p>\n\n\n\n<p>Sollte ein Artikel entgegen der Angabe im Online-Shop nicht verf\u00fcgbar sein, wird sich hello LOVE umgehend mit Dir in Verbindung setzen.<\/p>\n\n\n\n<ol class=\"wp-block-list\" start=\"4\">\n<li>Preise und Rabattcodes<\/li>\n<\/ol>\n\n\n\n<p>F\u00fcr Bestellungen \u00fcber den Onlineshop von hello LOVE gelten die zum Zeitpunkt der Bestellung im Angebot aufgef\u00fchrten Preise. Alle angegebenen Preise sind Betr\u00e4ge in Schweizer Franken (CHF) exklusiv Versandkosten. Die Versandkosten werden zum Verkaufspreis hinzugeschlagen<\/p>\n\n\n\n<ol class=\"wp-block-list\" start=\"5\">\n<li>Zahlungsbedingungen<\/li>\n<\/ol>\n\n\n\n<p>Die Bestellungen im Online-Shop sind mit Kreditkarte oder TWINT zu bezahlen. Zahlungen mit Kreditkarte werden sofort belastet. Die Zahlung hat in jedem Fall in Schweizer Franken zu erfolgen.<\/p>\n\n\n\n<p>Bitte beachte, dass die bestellte Ware bei Vorauszahlung per Rechnung erst dann ausgeliefert wird, wenn hello LOVE die komplette Zahlung erhalten hat.<\/p>\n\n\n\n<ol class=\"wp-block-list\" start=\"6\">\n<li>Lieferbedingungen<\/li>\n<\/ol>\n\n\n\n<p>Die Lieferung erfolgt ab dem Lager in Z\u00fcrich (Schweiz) ausschliesslich an Adressen in der Schweiz. hello LOVE versendet deine Bestellung werktags, sofern nicht anders vermerkt, in der Regel innerhalb von 3 bis 5 Tagen mit der Schweizer Post per A-Post-Plus oder priority-Post. Kann diese Frist von hello LOVE nicht eingehalten werden, wirst du umgehend dar\u00fcber informiert. Werden Fristen in Werktagen angegeben, sind dies alle Wochentage mit Ausnahme von Samstagen, Sonntagen und gesetzlichen Feiertagen.<\/p>\n\n\n\n<p>Nationale Post Sendungen (A-Post\u2013Plus) treffen nach Annahmeschluss in der Regel innerhalb von 2 Werktagen bei Dir ein.<br>Die voraussichtlichen Lieferzeiten sind nur Richtwerte. Unverschuldete Lieferverz\u00f6gerungen berechtigen den Kunden weder zum R\u00fccktritt vom Kaufvertrag noch zu Schadenersatz. hello LOVE \u00fcbernimmt f\u00fcr Verz\u00f6gerungen des Transportunternehmens keine Haftung.<\/p>\n\n\n\n<p>Bitte beachte, dass die bestellte Ware bei Vorauszahlung per Rechnung erst dann ausgeliefert wird, wenn hello LOVE die komplette Zahlung erhalten hat.<\/p>\n\n\n\n<p>Die Versandkosten werden zum Verkaufspreis hinzugeschlagen und auf der Rechnung separat ausgewiesen. Sie errechnen sich f\u00fcr Inlandlieferungen aus dem Sendungsgewicht und dem Volumen deiner Bestellung und werden w\u00e4hrend des Bestellprozesses angezeigt.<\/p>\n\n\n\n<p>Nimmst Du die von helloLOVE gesendeten Produkte nicht an, holst Du sie nicht ab oder sind sie nicht zustellbar, werden Dir s\u00e4mtliche entstandenen Versandkosten verrechnet. Bei Unzustellbarkeit oder versp\u00e4teter Auslieferung der Ware infolge unkorrekter Angabe der Lieferadresse durch die\/den Kund\/in, Abwesenheit des Empf\u00e4ngers sowie bei Problemen bei der Zollabwicklung haftet hello LOVE nicht.<\/p>\n\n\n\n<ol class=\"wp-block-list\" start=\"7\">\n<li>Gew\u00e4hrleistung und Reparatur<\/li>\n<\/ol>\n\n\n\n<p>Du hast die Ware sofort nach Erhalt mit aller Sorgfalt zu untersuchen und M\u00e4ngel innert sp\u00e4testens einem Tag seit Erhalt zu r\u00fcgen (M\u00e4ngelr\u00fcge), andernfalls gilt die Ware als genehmigt. Die M\u00e4ngelr\u00fcge erfolgt durch Zustellung eines Fotos der mangelhaften Ware und\/oder des \u00e4usserlich erkennbar besch\u00e4digten Pakets per E-Mail an hello@hello-love.ch.<\/p>\n\n\n\n<p>Bei berechtigter M\u00e4ngelr\u00fcge erh\u00e4ltst du, ohne weitere Kosten f\u00fcr Dich, eine Ersatzlieferung oder die Reparatur der Ware (nach Wahl von helloLOVE). Sollte hello LOVE die Ware reparieren, ist die Ware originalverpackt zur\u00fcckzusenden, andernfalls wird die R\u00fccksendung nicht akzeptiert und keine Reparatur vorgenommen. Schl\u00e4gt die Reparatur fehl oder ist die Ersatzlieferung ebenfalls mangelhaft, hast du das Recht auf einen Preisnachlass oder R\u00fccksendung der Ware gegen R\u00fcckerstattung des gesamten Kaufpreises inklusive Versandkosten.<\/p>\n\n\n\n<p>hello LOVE ist jederzeit bestrebt, eine schnelle und f\u00fcr alle betroffenen Parteien zufriedenstellende L\u00f6sung zu finden.<\/p>\n\n\n\n<p>Keine Gew\u00e4hr \u00fcbernimmt hello LOVE f\u00fcr Sch\u00e4den und M\u00e4ngel, die aus nachl\u00e4ssiger oder fehlerhafter Pflege oder unsachgem\u00e4sser Reparatur der Ware entstehen.<\/p>\n\n\n\n<ol class=\"wp-block-list\" start=\"8\">\n<li>Haftungsbeschr\u00e4nkung<\/li>\n<\/ol>\n\n\n\n<p>hello LOVE haftet ausschliesslich bei Vorsatz, Arglist oder grober Fahrl\u00e4ssigkeit sowie bei Personensch\u00e4den und aus Produkthaftung auf Schadensersatz (unabh\u00e4ngig vom Rechtsgrund und bei vertraglichen sowie ausservertraglichen Anspr\u00fcchen, insb. auch Verzugs- und Mangelfolgeschaden). Dar\u00fcber hinaus bestehen gegen hello LOVE keine Anspr\u00fcche auf Schadensersatz. hello LOVE haftet nicht f\u00fcr durch ihre Hilfspersonen (insb. Transportunternehmen) verursachte Sch\u00e4den.<\/p>\n\n\n\n<ol class=\"wp-block-list\" start=\"9\">\n<li>R\u00fccksendung gegen Erhalt eines digitalen Gutscheins<\/li>\n<\/ol>\n\n\n\n<p>Hat der Artikel keine M\u00e4ngel und solltest Du mit einem bestellten Artikel trotzdem nicht zufrieden sein, kannst Du diesen grunds\u00e4tzlich innert 7 Tagen seit Erhalt zur\u00fcckgeben. Du hast hello LOVE vor der R\u00fccksendung der Ware zwingend per E-Mail an hello@hello-love.ch dar\u00fcber zu unterrichten.<\/p>\n\n\n\n<p>Die Ware muss in einwandfreiem Zustand und in der Originalverpackung zur\u00fcckgeschickt werden. Jeder R\u00fccksendung ist eine Kopie der Bestellbest\u00e4tigung (ausgedrucktes E-Mail) beizulegen. Bitte sende die R\u00fccksendung inklusive Kopie der Bestellbest\u00e4tigung an folgende Adresse:<\/p>\n\n\n\n<p>hello LOVE<br>R\u00dcCKSENDUNG<br>Habsburgstrasse 1<br>CH-8037 Z\u00fcrich<\/p>\n\n\n\n<p>Bitte beschrifte die R\u00fccksendung mit Deinem Absender und der oben genannten Lieferadresse von helloLOVE.<\/p>\n\n\n\n<p>Bitte beachte:<\/p>\n\n\n\n<p>Alle R\u00fccksendekosten m\u00fcssen von Dir \u00fcbernommen werden.<br>Sobald hello LOVE die Ware erhalten hat und diese die genannten Voraussetzungen (einwandfrei und originalverpackt) erf\u00fcllt, wird Dir der Betrag der zur\u00fcckgesandten Ware in Form eines digitalen Gutscheines zur\u00fcckerstattet, der im Online-Shop von hello LOVE eingel\u00f6st werden kann. Eine R\u00fcckerstattung der Versandkosten erfolgt jedoch nicht.<\/p>\n\n\n\n<p>Ist die Ware besch\u00e4digt und\/oder wurde sie nicht in der Originalverpackung zur\u00fcckgeschickt, beh\u00e4lt sich hello LOVE vor, nur einen Teil der Ware in Form eines digitalen Gutscheines gutzuschreiben oder die R\u00fccknahme der gesamten Ware zu verweigern.<\/p>\n\n\n\n<ol class=\"wp-block-list\" start=\"10\">\n<li>Eigentumsvorbehalt<\/li>\n<\/ol>\n\n\n\n<p>Ware, die noch nicht vollst\u00e4ndig bezahlt ist, bleibt im Eigentum von hello LOVE Sie d\u00fcrfen weder verkauft, vermietet, verpf\u00e4ndet, ausgeliehen noch darf anderweitig dar\u00fcber verf\u00fcgt werden.<\/p>\n\n\n\n<p>Die Kundin erteilt sein Einverst\u00e4ndnis, dass hello LOVE bis zum Zeitpunkt des vollst\u00e4ndigen Zahlungseingangs den Eigentumsvorbehalt ohne seine Mitwirkung und auf seine Kosten im jeweils zust\u00e4ndigen Eigentumsvorbehaltsregister eintragen lassen kann. Die Kundin verpflichtet sich, vorbehaltlos s\u00e4mtliche zur g\u00fcltigen Errichtung des Eigentumsvorbehalts erforderlichen Erkl\u00e4rungen auf erstes Verlangen unverz\u00fcglich abzugeben, die erforderlichen Informationen zu \u00fcbermitteln und Handlungen vorzunehmen.<\/p>\n\n\n\n<ol class=\"wp-block-list\" start=\"11\">\n<li>Vertriebsverbot<\/li>\n<\/ol>\n\n\n\n<p>Jeglicher gewerblicher Weiterverkauf oder Vertrieb von hello LOVE-Produkten, die im Online-Shop gekauft wurden, ist strengstens untersagt.<\/p>\n\n\n\n<ol class=\"wp-block-list\" start=\"12\">\n<li>Anwendbares Recht und Gerichtsstand<\/li>\n<\/ol>\n\n\n\n<p>Alle Rechtsbeziehungen zwischen Dir und hello LOVE unterstehen materiellem Schweizer Recht, unter Ausschluss der kollisionsrechtlichen Bestimmungen des Internationalen Privatrechts (IPRG) sowie des UN-Kaufrechts (CISG).<\/p>\n\n\n\n<p>Ausschliesslicher Gerichtsstand f\u00fcr alle sich aus oder im Zusammenhang mit dem Vertag zwischen Dir und hello LOVE ergebenden Streitigkeiten, einschliesslich solcher \u00fcber das Zustandekommen, die Rechtswirksamkeit, die Ab\u00e4nderung oder Aufl\u00f6sung des Vertrages, ist 8037 Z\u00fcrich (Schweiz), unter Vorbehalt zwingender Gerichtsst\u00e4nde (insb. Verbrauchergerichtsst\u00e4nde) sowie allf\u00e4lliger Rechtsmittel an das Schweizerische Bundesgericht.<\/p>\n\n\n\n<p>Z\u00fcrich, November 2023<\/p>\n","protected":false},"excerpt":{"rendered":"<p>hello LOVE jewellery &amp; accessoires Habsburgstrasse 1, 8037 Z\u00fcrich, Schweiz instagram: hellolovezurich hello@hello-love.ch https:\/\/hello-love.ch. Datenschutzerkl\u00e4rung Bereitstellung der Website (Logfiles)Beschreibung und Umfang der Datenbearbeitung Wenn Sie auf unsere Website zugreifen, d.h., selbst wenn Sie sich nicht registrieren oder anderweitig Informationen \u00fcbermitteln, werden automatisch Informationen allgemeiner Natur erfasst. Diese Informationen (Server-Logfiles) beinhalten etwa die Art des Webbrowsers, [&hellip;]<\/p>\n","protected":false},"author":1,"featured_media":0,"parent":0,"menu_order":8,"comment_status":"closed","ping_status":"closed","template":"","meta":{"footnotes":""},"class_list":["post-3","page","type-page","status-publish","hentry"],"_links":{"self":[{"href":"https:\/\/hello-love.ch\/index.php\/wp-json\/wp\/v2\/pages\/3","targetHints":{"allow":["GET"]}}],"collection":[{"href":"https:\/\/hello-love.ch\/index.php\/wp-json\/wp\/v2\/pages"}],"about":[{"href":"https:\/\/hello-love.ch\/index.php\/wp-json\/wp\/v2\/types\/page"}],"author":[{"embeddable":true,"href":"https:\/\/hello-love.ch\/index.php\/wp-json\/wp\/v2\/users\/1"}],"replies":[{"embeddable":true,"href":"https:\/\/hello-love.ch\/index.php\/wp-json\/wp\/v2\/comments?post=3"}],"version-history":[{"count":7,"href":"https:\/\/hello-love.ch\/index.php\/wp-json\/wp\/v2\/pages\/3\/revisions"}],"predecessor-version":[{"id":960,"href":"https:\/\/hello-love.ch\/index.php\/wp-json\/wp\/v2\/pages\/3\/revisions\/960"}],"wp:attachment":[{"href":"https:\/\/hello-love.ch\/index.php\/wp-json\/wp\/v2\/media?parent=3"}],"curies":[{"name":"wp","href":"https:\/\/api.w.org\/{rel}","templated":true}]}}